?
9
What is the hundreds digit of 6789?
7
What is the hundreds digit of 460?
4
What is the units digit of 7151?
1
What is the thousands digit of 13146?
3
What is the hundreds digit of 754?
7
What is the thousands digit of 19226?
9
What is the units digit of 50236?
6
What is the thousands digit of 1907?
1
What is the units digit of 5440?
0
What is the tens digit of 31310?
1
What is the units digit of 310?
0
What is the hundreds digit of 6086?
0
What is the tens digit of 10973?
7
What is the ten thousands digit of 12068?
1
What is the tens digit of 13296?
9
What is the units digit of 80318?
8
What is the units digit of 1572?
2
What is the hundreds digit of 1132?
1
What is the hundreds digit of 3484?
4
What is the tens digit of 5254?
5
What is the hundreds digit of 189104?
1
What is the hundreds digit of 70909?
9
What is the hundreds digit of 1914?
9
What is the tens digit of 102576?
7
What is the hundreds digit of 2110?
1
What is the hundreds digit of 549?
5
What is the tens digit of 69197?
9
What is the hundreds digit of 636?
6
What is the tens digit of 4053?
5
What is the units digit of 65?
5
What is the units digit of 8061?
1
What is the hundreds digit of 334?
3
What is the tens digit of 48177?
7
What is the units digit of 740?
0
What is the ten thousands digit of 11872?
1
What is the hundreds digit of 15250?
2
What is the tens digit of 4217?
1
What is the tens digit of 1317?
1
What is the hundreds digit of 68323?
3
What is the thousands digit of 13275?
3
What is the units digit of 15259?
9
What is the tens digit of 425?
2
What is the tens digit of 15999?
9
What is the ten thousands digit of 36862?
3
What is the thousands digit of 1380?
1
What is the units digit of 827?
7
What is the tens digit of 70047?
4
What is the hundreds digit of 38906?
9
What is the hundreds digit of 11413?
4
What is the thousands digit of 9378?
9
What is the units digit of 57523?
3
What is the tens digit of 539?
3
What is the ten thousands digit of 27768?
2
What is the ten thousands digit of 15946?
1
What is the hundreds digit of 14447?
4
What is the units digit of 673?
3
What is the tens digit of 2241?
4
What is the hundreds digit of 70396?
3
What is the tens digit of 388?
8
What is the units digit of 71?
1
What is the hundreds digit of 46463?
4
What is the hundreds digit of 5971?
9
What is the hundreds digit of 9692?
6
What is the hundreds digit of 1023?
0
What is the hundreds digit of 2725?
7
What is the units digit of 980?
0
What is the hundreds digit of 343?
3
What is the hundreds digit of 1326?
3
What is the tens digit of 37841?
4
What is the tens digit of 30670?
7
What is the units digit of 2546?
6
What is the tens digit of 1370?
7
What is the thousands digit of 31763?
1
What is the tens digit of 3775?
7
What is the thousands digit of 3590?
3
What is the tens digit of 1571?
7
What is the units digit of 136506?
6
What is the tens digit of 1423?
2
What is the tens digit of 7103?
0
What is the hundreds digit of 1100?
1
What is the hundreds digit of 2487?
4
What is the tens digit of 6471?
7
What is the hundreds digit of 70591?
5
What is the tens digit of 737?
3
What is the units digit of 8074?
4
What is the hundreds digit of 2257?
2
What is the thousands digit of 50147?
0
What is the units digit of 55088?
8
What is the ten thousands digit of 93454?
9
What is the ten thousands digit of 42259?
4
What is the thousands digit of 1022?
1
What is the tens digit of 145?
4
What is the tens digit of 1295?
9
What is the hundreds digit of 180?
1
What is the tens digit of 3235?
3
What is the units digit of 1145?
5
What is the units digit of 982?
2
What is the units digit of 3116?
6
What is the hundreds digit of 246?
2
What is the tens digit of 53918?
1
What is the hundreds digit of 6706?
7
What is the tens digit of 8703?
0
What is the tens digit of 144149?
4
What is the hundreds digit of 6363?
3
What is the tens digit of 8924?
2
What is the units digit of 68514?
4
What is the tens digit of 10?
1
What is the tens digit of 764?
6
What is the thousands digit of 4716?
4
What is the units digit of 1163?
3
What is the tens digit of 16222?
2
What is the tens digit of 171?
7
What is the thousands digit of 4710?
4
What is the tens digit of 546?
4
What is the hundreds digit of 1624?
6
What is the thousands digit of 4228?
4
What is the hundreds digit of 43104?
1
What is the tens digit of 13683?
8
What is the hundreds digit of 932?
9
What is the hundreds digit of 1611?
6
What is the tens digit of 518?
1
What is the ten thousands digit of 30741?
3
What is the thousands digit of 8356?
8
What is the units digit of 8461?
1
What is the hundreds digit of 956?
9
What is the units digit of 3009?
9
What is the thousands digit of 4980?
4
What is the ten thousands digit of 11853?
1
What is the units digit of 10378?
8
What is the thousands digit of 1637?
1
What is the hundreds digit of 2792?
7
What is the units digit of 35406?
6
What is the hundreds digit of 7611?
6
What is the units digit of 2797?
7
What is the units digit of 22363?
3
What is the units digit of 898?
8
What is the thousands digit of 97351?
7
What is the units digit of 1810?
0
What is the units digit of 2386?
6
What is the tens digit of 1103?
0
What is the ten thousands digit of 35728?
3
What is the thousands digit of 2722?
2
What is the thousands digit of 7894?
7
What is the thousands digit of 10013?
0
What is the units digit of 35385?
5
What is the hundreds digit of 12551?
5
What is the thousands digit of 2888?
2
What is the units digit of 1942?
2
What is the units digit of 12239?
9
What is the thousands digit of 66200?
6
What is the ten thousands digit of 16458?
1
What is the thousands digit of 1019?
1
What is the hundreds digit of 9526?
5
What is the ten thousands digit of 122698?
2
What is the hundreds digit of 3522?
5
What is the ten thousands digit of 23659?
2
What is the tens digit of 14034?
3
What is the units digit of 735?
5
What is the hundreds digit of 16705?
7
What is the units digit of 24023?
3
What is the hundreds digit of 989?
9
What is the hundreds digit of 2441?
4
What is the hundreds digit of 1393?
3
What is the units digit of 5126?
6
What is the ten thousands digit of 20736?
2
What is the units digit of 1890?
0
What is the thousands digit of 14084?
4
What is the hundreds digit of 1808?
8
What is the thousands digit of 2389?
2
What is the units digit of 38512?
2
What is the units digit of 6346?
6
What is the units digit of 3567?
7
What is the thousands digit of 2511?
2
What is the hundreds digit of 1312?
3
What is the hundreds digit of 3201?
2
What is the thousands digit of 11383?
1
What is the hundreds digit of 7677?
6
What is the tens digit of 1133?
3
What is the units digit of 8559?
9
What is the tens digit of 4904?
0
What is the ten thousands digit of 144029?
4
What is the units digit of 1533?
3
What is the thousands digit of 1025?
1
What is the hundreds digit of 2795?
7
What is the hundreds digit of 163?
1
What is the hundreds digit of 562?
5
What is the units digit of 8035?
5
What is the units digit of 2152?
2
What is the tens digit of 14567?
6
What is the hundreds digit of 366?
3
What is the thousands digit of 4299?
4
What is the ten thousands digit of 22119?
2
What is the tens digit of 1051?
5
What is the thousands digit of 3672?
3
What is the thousands digit of 2036?
2
What is the hundreds digit of 3148?
1
What is the units digit of 11070?
0
What is the hundreds digit of 5415?
4
What is the hundreds digit of 6164?
1
What is the thousands digit of 40918?
0
What is the hundreds digit of 372?
3
What is the tens digit of 8570?
7
What is the tens digit of 1125?
2
What is the thousands digit of 3792?
3
What is the units digit of 51688?
8
What is the thousands digit of 5853?
5
What is the hundred thousands digit of 128483?
1
What is the tens digit of 6317?
1
What is the hundreds digit of 9764?
7
What is the thousands digit of 46751?
6
What is the thousands digit of 28515?
8
What is the ten thousands digit of 94358?
9
What is the hundreds digit of 1488?
4
What is the tens digit of 894?
9
What is the hundreds digit of 24074?
0
What is the units digit of 6309?
9
What is the thousands digit of 13104?
3
What is the tens digit of 786?
8
What is the thousands digit of 1134?
1
What is the hundreds digit of 111692?
6
W